 + 30. What is the units digit of i?
8
Let v(f) = f**3 + 5*f**2 - 7*f + 2. Let d be v(-6). Suppose 0 = -p - 24 + 40. Let h = p - d. What is the units digit of h?
8
Let y be 3*-3*(-2)/6. Let x(n) = y*n + 0*n - n + 3 + n**2 + n. What is the units digit of x(-5)?
3
Let n be (-185)/(-65) + 2/13. Suppose -n*i = -0*i - 12. What is the units digit of i?
4
Let f be (0 - (-3 - 0)) + 16. Let k = 32 - f. What is the units digit of k?
3
What is the tens digit of 12 + (3 - 2)*2?
1
Let f = 4 - 1. Let z = f + 7. Suppose -4*r + r = 2*g + z, 2*r + 8 = 0. What is the units digit of g?
1
Suppose 2*s - 5*a = -3, 3*s = 2*a + a - 9. Let r be -2 - 1 - (s + 1). Suppose r = t + t - 8. What is the units digit of t?
4
Suppose 2*q = -3*v + 61, -195 = -5*q - 0*v + v. What is the tens digit of q?
3
Let m be 2/(2 - 3) - -28. Let o = 67 - m. What is the tens digit of o?
4
Let m(v) = -9*v. Let x be m(1). Let y = 20 + x. What is the units digit of y?
1
Let h(z) = 4 - z + 2*z - 4*z. Let a(u) = -u + 1. Let r(i) = -4*a(i) + h(i). What is the units digit of r(1)?
1
Let m be (-2)/(4/(-358)) + -3. What is the tens digit of (-6)/(-4)*m/12?
2
Let z(c) = c**3 - 9*c**2 + 7*c - 12. Let y be z(8). Let t = y - -100. Suppose -6*u + u + t = 0. What is the units digit of u?
6
Suppose 0*f + 4*f = 44. What is the units digit of f?
1
Let s(n) = n**2 + 4*n - 1. What is the units digit of s(-8)?
1
Let l(s) be the second derivative of 2*s**3/3 + s**2 - 5*s. What is the units digit of l(7)?
0
Suppose 0*d + 720 = 2*d. Suppose -u + d = -4*u. What is the tens digit of ((-3)/(-2))/((-9)/u)?
2
Let f(u) = -u**3 + 3*u**2 + 5*u + 1. Let m be f(4). Let s = 9 - m. What is the units digit of s?
4
Let f(y) = y**3 - 8*y**2 + 9*y + 3. Let u be f(8). Let v be (-2)/(-4) - u/(-10). What is the units digit of 1 + v - (-4 + 3)?
0
Let r(g) = 3*g + 2. Suppose -7*n + 3*n = -8. What is the units digit of r(n)?
8
Let b(g) = 4*g - 6. Let x be b(4). Suppose 2*s + 52 + 16 = 2*z, x = 5*s. What is the units digit of z?
6
Let z(f) = -31*f. Let j be z(-3). Suppose -28 = 5*s - j. Let d = -4 + s. What is the units digit of d?
9
Let q be 10 - 11 - (-1 + -3). Suppose 2*k = z - 13, 0*z = -2*z - q*k + 40. What is the units digit of z?
7
Let q = -2 - -2. Suppose -3*b + 6*b = q. Let n = b - -2. What is the units digit of n?
2
What is the tens digit of (-2)/(11/(-22)*(-2)/(-37))?
7
Let m be (-62)/(-6) - 10/(-15). Let x = 5 - m. What is the units digit of (-18)/(-5) + x/(-15)?
4
Let c(p) = p**3 + 3*p - 2. What is the units digit of c(3)?
4
Let r be 42/4 - (-3)/2. Suppose 2*v - 6*v = -r. What is the units digit of v?
3
Suppose -2*g + 33 = -g. What is the units digit of 20/11 + 6/g?
2
Let i = -106 + 151. Let t = -3 + i. What is the tens digit of t?
4
Let v(p) = 1 + p + 0*p**2 + 0*p**2 + p**3 - 3*p**2. Let c be v(3). What is the units digit of c - (3/(-1) + 1)?
6
What is the tens digit of (36/(-2))/((-26)/91)?
6
Let q = -58 + 88. What is the tens digit of q?
3
Suppose 2*q - 2*r = 138, 4*q + 0*r - 267 = r. Suppose -246 = -5*y - q. What is the units digit of y?
6
Let b = -6 + 9. Suppose -b*a = 2*k - 67, 4*k = -0*a + 3*a + 89. What is the tens digit of k?
2
Let k(c) = c**2 + 5*c - 10. Let o be k(-7). Let q = o + -3. Let f = 9 + q. What is the units digit of f?
0
Let a = -17 + 43. What is the units digit of a?
6
Let r = 4 + 8. Suppose -5*n - 4*x - 89 = -10*n, 29 = n + 2*x. Let u = n - r. What is the units digit of u?
9
Suppose 0 = -2*g + 1 + 3. Suppose 0 = -4*t - 3*q + 191, t - 46 = -q + g*q. What is the units digit of t?
7
Let p be -3 + 2/2 + 2. Suppose p*o + 112 = 2*o. Suppose -o = -3*a - a. What is the units digit of a?
4
Suppose -4*a = a - 25. Let r be 30 + (-5)/(a/2). Suppose -3*p - p + r = 0. What is the units digit of p?
7
Let g be (-20)/(-15) + (-1)/3. What is the units digit of ((-2)/3)/(g/(-15))?
0
Let d be (-2)/((-2)/(-5) - 0). What is the units digit of (-3)/((30/4)/d)?
2
Let a(b) be the third derivative of -b**4/24 - 3*b**3/2 + 3*b**2. Let c be a(-10). What is the units digit of (-1 + 16 - c) + 0?
4
Let g(r) = 4*r**3 - r**2 + r. Let m be g(1). Suppose -v = 5*n - 59, n = 6*n - m*v - 39. What is the tens digit of n?
1
Let u be (-3)/(-6)*(-13 - 1). Let r = u + 24. What is the units digit of r?
7
Let v = 329 - 214. What is the units digit of v?
5
Suppose 216 = 2*p - 4*n, -3*p - n + 359 = -0*n. What is the tens digit of p?
1
Suppose 0*v + 9 = -r - 5*v, 3*v + 39 = 5*r. What is the units digit of r?
6
Suppose -3*c + 4*c + 5*d - 140 = 0, -5*c - 5*d = -700. What is the tens digit of c?
4
Suppose 3*l - 2*l - 4*a = -10, a - 1 = l. What is the units digit of (l/(-6))/(5/(-135))?
9
What is the tens digit of 1/(-3)*(-2484)/12?
6
Let y = 297 + -207. What is the tens digit of y?
9
Let c = -259 + 511. What is the hundreds digit of c?
2
Let o = -14 - -73. What is the tens digit of o?
5
Suppose 2*d + 0*d - 6 = 0. Let f be 0 - ((-1)/(-1) - 2). Suppose -f = p - d. What is the units digit of p?
2
Suppose 8 = -a + 4*o, -4*a + 2*o - 12 = 6*o. What is the units digit of 4/a - 42/(-2)?
0
Let q = 1 - -1. Suppose 0 = -q*t + 5*g + 46, -4*t - g + 80 = -5*g. What is the units digit of t?
8
What is the units digit of 2 + (-7)/(21/(-132))?
6
Suppose 0 = -5*r + o - 2*o + 295, -5*o + 25 = 0. What is the units digit of r?
8
Let o be 1/3*(-18)/(-2). Suppose o*n - 53 = -14. What is the tens digit of n?
1
Let w(q) = q**2 + 4*q + 5. Let p be w(-4). Suppose -2*c - 6 = -5*s, 0*s = -p*c - 3*s + 16. Let o(l) = l**3 - 2*l**2 + 3*l - 2. What is the units digit of o(c)?
4
Let a be -12 + 0/(2 - 3). Let u = a + -7. Let j = u - -27. What is the units digit of j?
8
Suppose -z + 132 = 5*b - 220, -4*b + 278 = 2*z. What is the tens digit of b?
7
Let h(y) = y**3 + 4*y**2 - y + 5. Let o be h(-4). Suppose -12 = -t + 3*q, t - 2*t + o = -2*q. What is the units digit of t?
3
Let x(m) = -5*m - 1. Let l be x(-1). Let f = -38 - -54. Let i = f - l. What is the tens digit of i?
1
Suppose -2*o + 4*o - 32 = 0. What is the tens digit of o?
1
Let d(x) = -x - 6. Let s be d(-6). Suppose 3*t - 4*z - 21 = 0, -2*z + s = 2*t - 14. What is the units digit of t?
7
What is the tens digit of (1/2)/(1/166)?
8
Let t be 0 + (-8 - (4 - 0)). Let m = 10 - t. What is the units digit of m?
2
Let i be (75/9)/((-1)/(-9)). Suppose 0 = -7*j + 4*j + i. What is the tens digit of j?
2
What is the units digit of (-150)/(-9)*12/8?
5
Let m(z) = z**2 - 5*z + 2. Let l be m(5). Suppose 2*n - 5*p = 5*n - 16, -l*n = 5*p - 19. Let x = n - -4. What is the units digit of x?
1
Suppose -2*k = 4 - 0. Let q(h) = -h**3 - h**2 - h + 1. What is the units digit of q(k)?
7
Let b = 4 + 2. What is the tens digit of (9/b)/(6/44)?
1
Let c(r) = r**2 - 3*r + 4. What is the tens digit of c(-6)?
5
Let q be 8/20 + 116/10. Suppose -5*n - c = 124, c + q + 12 = -n. What is the units digit of (-90)/n + (-4)/(-10)?
4
Suppose 4 = 2*j - 0*j. Let c be 51/9 + j/6. What is the units digit of (c/2)/(9/6)?
2
Suppose r - 2*i + 227 = 6*r, 0 = r - i - 51. What is the tens digit of r?
4
Let a = 4 + -6. Let j(f) = f**3 + 3*f**2 + 2*f. Let x be j(a). Suppose x = 3*m - 33. What is the units digit of m?
1
Suppose l - 5*l = -64. Let h be -2 + l*1 - -2. Suppose 0 = w - 5*w + h. What is the units digit of w?
4
Let s(y) = -y**3 - 22*y**2 - 23*y - 10. What is the units digit of s(-21)?
2
Suppose -2*i + 29 = -87. What is the units digit of i?
8
Suppose 3*s + 99 = a, -2*s = 3*a - 7*s - 277. What is the tens digit of a?
8
Let f(l) = 13*l**2 - 2*l - 1. Let h be f(-1). Let q = h + -7. What is the units digit of ((-6)/q)/((-2)/14)?
6
Let s = -60 - -43. Let x = s + 28. What is the tens digit of x?
1
Let b(t) = 3*t**2 - 3*t - 4. Let w(z) = 7*z**2 - 7*z - 9. Let a = -8 - -13. Let m(i) = a*b(i) - 2*w(i). What is the units digit of m(3)?
4
Suppose 3*x - 2*x = 4. What is the units digit of 56/(-16)*x/(-7)?
2
Let l = 103 - 73. What is the units digit of l?
0
Let s be (-2 - -3)*(4 + -2). Suppose 19 = s*p - p. Let c = p - 13. What is the units digit of c?
6
Suppose 10 = 2*g - 0*g - 2*w, 3*g = -5*w + 7. What is the units digit of g?
4
Let q be 13 + 0 + (-6)/2. Suppose 0 = -4*j + 22 + q. What is the units digit of j?
8
Suppose 0 = -0*w + 5*w + 5*a - 210, -5*w = -5*a - 170. What is the tens digit of w?
3
Suppose -747 = -10*a + 63. What is the units digit of a?
1
Let h(s) = 0*s**2 + s**2 - 5*